 49 - 3*b**2 + 23*b + 404*b**3. Determine x(4).
1
Let y be (-11)/(-363)*93 - (-4)/22. Let z(l) = -16 - 2*l**2 + y*l**2 - 16 + 31 - l**3 + 3*l. Calculate z(3).
-10
Let c(f) = -f**3 - f**2 + 4*f - 6. Suppose 19*z + 3*j - 12 = 21*z, -3*z + 2*j - 13 = 0. What is c(z)?
0
Let l(q) = -q**2 + 7*q - 21. Let x(v) = v**2 - 6*v + 23. Let o(z) = -5*l(z) - 4*x(z). Give o(9).
-5
Let o(q) = -q**3 - 10*q**2 + 10*q - 11. Let t = 55 - 46. Suppose -27*w - 396 = t*w. What is o(w)?
0
Let h(x) = 35 - 17 - x**3 + 4*x - 4*x**2 - 13. Let t = -6107 + 6102. Determine h(t).
10
Suppose -4*k - 34 = -10. Let u be (3/(-4))/(k/(-24)). Let m(h) = -7*h + 1. Let g(n) = -8*n + 1. Let f(o) = u*g(o) + 4*m(o). Calculate f(1).
-3
Let x be 2/11 - (-5168)/374. Suppose x*u - 10*u = 4. Let p(i) = -i**3 + 2*i**2. Calculate p(u).
1
Let l = 31 + -8. Suppose 43 = 4*p + l. Suppose -3*v - a = -7*v - 4, -4*a = 5*v + p. Let k(h) = -5*h**3 - h**2 + 1. Calculate k(v).
5
Let y(s) = -s**2 - 16*s - 2 - 9 + 5*s**3 + 11*s. Let k(b) = b**3 - b - 1. Let d(i) = 4*k(i) - y(i). Let o(q) = -q + 3. Let r be o(3). Calculate d(r).
7
Let g(r) be the first derivative of -10*r**2 + 34*r + 316. Let v be g(1). Let l(j) = j**3 - 14*j**2 - 1. Calculate l(v).
-1
Let n be (-8)/14 + (-1496)/(-119). Let i be (-12)/(-45)*20/8*n. Let j(h) = -2*h + 6. Give j(i).
-10
Let v be 1389/(-9)*1 + 21/63. Let z be (9 - 4)*v/(-70). Let q(u) = u**2 - 12*u - 8. Determine q(z).
-19
Let f(n) = -n**3 - 3*n**2 - 137*n + 6. Let p(d) = 16*d. Let r(l) = f(l) + 9*p(l). Calculate r(-3).
-15
Suppose 3*a = v - 5*v - 4, 2*a - 4*v + 36 = 0. Let m be (2/8)/((-21)/(-420)). Let x(f) = 7 + f**2 + m*f - 8*f + 6*f + 5*f. What is x(a)?
7
Let d(z) = -8 - z - z + z. Let u = -898 + 748. Let t be (-80)/(-180) + u/(-27). What is d(t)?
-14
Suppose -v + y = 0, 4*y = 3*v - 7 + 11. Suppose -v*p - 15 = p. Let h(u) = u**3 - u**2. Calculate h(p).
-36
Let w(u) be the third derivative of -5*u**4/4 - u**3 + 2674*u**2. What is w(0)?
-6
Suppose -5*h - 2047 = -402. Let x = h + 326. Let l(q) = q**3 + q**2 - q + 3. Give l(x).
-12
Let u(z) = z + 3*z + z. Let g = -221 + 191. Let k be ((-1)/(-3))/(5/g). What is u(k)?
-10
Let h(g) = 16 - 9599908*g + 28 + 22 + 9599884*g - 22 - g**2. Give h(-23).
67
Suppose 5*r = 5*z + 5, 0 = -2*r - 0*z + z. Let v(q) = -q + 1. Let j = 154 + -166. Let n(a) = -4*a - 12. Let g(b) = j*v(b) + r*n(b). Give g(1).
16
Let i(l) = -2*l**3 + l**2 - 4*l + 5. Suppose -2*k = -2*n - 6, 268*n + 21 = 271*n + 2*k. Determine i(n).
-52
Let y(p) = -12*p**3 + 2*p**2 - 4*p + 1. Let c be -10 - (-14 - (-18 - -15)). What is y(c)?
-13
Suppose 5*h - 30 = -5*b, -45*h - b - 10 = -46*h. Let c(v) = -12*v**2 + 96*v + 1. Determine c(h).
1
Suppose 0 = -90*m + 475 - 205. Let n(g) be the second derivative of -2*g**2 + 0 + 5/3*g**m + 10*g + 1/12*g**4. What is n(-10)?
-4
Suppose -3*y + 0*f + f + 6 = 0, 3*y - 5*f = 6. Let o(x) = -6*x**2 - 5 + 7*x**y + 9 + 0*x**2. Determine o(2).
8
Let r(k) = 14 - 44*k + 39*k + 3. Let h(i) = -17*i + 51. Let w(z) = 2*h(z) - 7*r(z). Let p(q) = -7*q**3 + q**2 - q - 1. Let t be p(-1). Calculate w(t).
-9
Let l(x) = 33*x**2 + x. Let r be l(1). Let p = r - 38. Let d be 6/p + 12/(-8). Let v(w) = -w**2 - 4*w - 1. Calculate v(d).
2
Let u(x) = -x**3 + x**2 - 3*x + 8. Let w be 3 - (4 + (4 - (-8 + 13))). Calculate u(w).
8
Let i(g) be the first derivative of g**2/2 + 30*g - 576. Determine i(-15).
15
Let f(g) = -g**2 - 7*g - 76. Let h(y) = y**2 + 5*y + 91. Let s(t) = -4*f(t) - 3*h(t). Calculate s(-5).
-9
Let h(c) = -25*c**3 + c**2 + 49*c - 57. Let x(j) = 9*j**3 - 16*j + 21. Let k(i) = -4*h(i) - 11*x(i). Give k(7).
4
Let n = -6668 - -6670. Let c(w) be the second derivative of 0 - 5/12*w**4 + 5/2*w**n - 2*w + 1/20*w**5 + 2/3*w**3. Give c(4).
5
Let p(j) = -j**3 - 5*j**2 + 15*j. Let w(q) = 3*q. Let v(x) = p(x) - 6*w(x). Give v(-3).
-9
Let b(q) = 2*q - 2. Suppose 0 = -96*j + 61 - 157. Determine b(j).
-4
Let l = -28 + 34. Let r(t) = 5 - t**3 + 0*t**3 + 0*t**3 + l*t + 10*t**2 - 6*t**2. Determine r(5).
10
Suppose -3*d = 4*f - 10, -9 = -3*f + 3. Let s be (26 - 27)/((-1)/d). Let m(b) = 6*b + 3. Calculate m(s).
-9
Let v = -1 - 0. Let p(f) be the first derivative of f**3/6 + f**2/2 + 17*f + 120. Let q(r) be the first derivative of p(r). Determine q(v).
0
Let s(x) = x**2 + 3*x - 3. Let i(l) = -3*l**2 - 6*l + 8. Let f(q) = -7*q**2 - 14*q + 18. Let c(y) = 2*f(y) - 5*i(y). Let j be c(2). What is s(j)?
25
Suppose -4 = -2*b, -1 = -p + 5*b - 7*b. Let g(x) be the third derivative of 0*x + 3*x**2 + 0 - 1/15*x**5 - 1/120*x**6 + 0*x**3 - 1/8*x**4. Give g(p).
0
Suppose -4*q = 2*t - 8, 5*q = -265*t + 262*t + 6. Let v(h) = -h**3 + 6*h**2 - 14. Determine v(q).
-14
Let a(p) = -p**3 + 7*p**2 - p + 1. Let z(m) = 3*m - 17. Suppose 2*c = 8*c - 222. Suppose -q - 2*q = 5*s - 25, -4*s + q + c = 0. Let r be z(s). Calculate a(r).
-6
Let i(a) be the second derivative of -a**4/24 - 2*a**3/3 - 27*a**2 + a - 17. Let r(y) be the first derivative of i(y). Give r(-9).
5
Let f(j) be the third derivative of 0 - 10*j**2 - 1/6*j**3 + 1/24*j**4 + 0*j. Let s be 4/16 - (-455)/52. What is f(s)?
8
Let r(l) = 2*l. Let s(b) = 59 + 3*b + 62 - 196 + 65. Let w(v) = r(v) - s(v). What is w(5)?
5
Let k(a) = -a**2 + 7*a - 6. Let p(b) = b**2 + 1. Let m be p(-6). Let l = m - 25. Let y be ((-40)/l)/(2/(-3)). What is k(y)?
4
Let z(h) = h + 4 + 10*h + h**2 + h - 12*h. Let m = 686 + -686. What is z(m)?
4
Let o(m) = -5*m**3 + 8*m**2 + 14*m - 47. Let w(q) = 12*q**3 - 15*q**2 - 31*q + 93. Let a(j) = 7*o(j) + 3*w(j). Calculate a(-10).
0
Suppose 28 - 40 = -4*a. Let j(l) = -21*l**3 + 2*l + 8*l**2 - 32*l**a + 52*l**3 - 11. Calculate j(8).
5
Let f(u) = -5*u - 15 - 12 + 42 - 11 + 4*u. Give f(13).
-9
Let g be (-15970)/(-95) - (-10)/(-95). Let n = g - 171. Let v(c) be the third derivative of c**5/30 + c**4/6 + c**3/3 - c**2. Give v(n).
8
Let t(a) = a**3 - 11*a**2 - 10*a - 21. Let j be t(12). Let m = 0 + 2. Let u(x) = -m + 7*x**2 - 7*x + 10*x - 9*x**2. Calculate u(j).
-11
Let v(c) = -13*c**2 - c. Let l(h) = 14*h + 4. Let b be l(1). Suppose -4*d + d + b = 0. Suppose -2*i - d = 2*u, 3*u + 3*i - 2*i + 1 = 0. What is v(u)?
-14
Suppose -u = 5*p - 27, 41*u = 39*u - 16. Let q(y) = y**2 + 25*y - 215. What is q(p)?
9
Suppose 0 = -i + 2*o - 5, -2*i - 7*o + 2*o = -35. Let c be 1*(i/(-5) - -1). Let t be 0 + (-1 - c)/(4/20). Let q(y) = y**2 + 5*y + 6. Give q(t).
6
Let j(v) be the third derivative of -v**5/20 + 41*v**3/3 - 20*v**2 - 170*v + 1. Calculate j(0).
82
Let n(z) = -z**2 - 14*z + 33. Let y = 5256 - 5254. What is n(y)?
1
Let q(c) be the second derivative of -c**3/2 + c**2/2 - 2*c. Suppose 75*d + 43 - 62 = 281. Calculate q(d).
-11
Let u(o) = o**3 - 11*o**2 - 14*o + 13. Suppose -y - 111*g + 18 = -114*g, -g + 10 = y. Calculate u(y).
-11
Let b(s) = 2*s - 21. Suppose -17*v = -u - 13*v - 8, -4*u + 5*v = -12. Give b(u).
-5
Let t = 13 - 16. Let v(j) be the first derivative of -5*j**3/3 - j**2 - 5*j + 1. Let c(x) = -x**2 - 1. Let w(h) = 6*c(h) - v(h). What is w(t)?
-16
Let m be (-1)/4 + 22/(-8). Let k(r) = -11*r - 12. Let x(n) = 3*n + 4. Let t(l) = 3*k(l) + 10*x(l). Give t(m).
13
Suppose -2*g = -6*p + 2*p - 54, 12 = 4*g. Suppose 5*a = -o + 3, 3 + 12 = 5*o - 3*a. Let c(f) = -12 - f**o - 11*f**2 + 12*f - 13 + 23. What is c(p)?
-2
Let d(f) = 7*f**3 + 41*f**2 + 31*f - 4. Let x be d(-5). Let q(o) = o**3 + 9*o**2 + 8*o + 78. Determine q(x).
6
Let z(s) = s**2 + 5*s - 5. Suppose -58*r - 102 = 12 + 60. Give z(r).
-11
Suppose 41*o - 39*o - 49 = 4*y + 5, -33 = -3*o. Let u(g) be the third derivative of -g**6/120 - 3*g**5/20 - 7*g**4/24 + g**3/2 + g**2. Give u(y).
-5
Suppose -44*p = -60 + 104. Let x(o) = 54*o**2 + 2*o + 1. Calculate x(p).
53
Let w(b) be the second derivative of -b**4/12 + 11*b**3/6 + 41*b**2/2 - 264*b - 2. Calculate w(17).
-61
Let n(v) = -v + 1. Let r be (10/(-6)*1)/((-22)/66). Suppose 7*b + 2 = -r. Calculate n(b).
2
Let x = 347 + -331. Suppose -x*w = -22*w. Let k(c) = 2*c**2 - c + 6. What is k(w)?
6
Let t = 174 - 162. Let w be 0/(-3*4/t*-1). Let h(i) = i**2 + i - 4. Determine h(w).
-4
Suppose -4*p = -5*z + 263, 4*z = -p + 2*p + 206. Suppose -2*h + 15 = i, 8*i - 4*i - z = h. Suppose -i*f = -6*f - 56. Let d(a) = a**2 - 10*a + 7. What is d(f)?
-9
Let u(c) = -2*c**2 + c + 12. Let p(h) = 9*h**2 - 5*h - 65. Let m(r) = p(r) + 4*u(r). Determine m(4).
-5
Let c(n) = 